 of 601631?
6
What is the tens digit of 244515?
1
What is the thousands digit of 56727?
6
What is the tens digit of 2005141?
4
What is the units digit of 7812671?
1
What is the millions digit of 1216919?
1
What is the tens digit of 1148217?
1
What is the ten thousands digit of 3247916?
4
What is the hundred thousands digit of 550201?
5
What is the hundred thousands digit of 245728?
2
What is the hundred thousands digit of 408337?
4
What is the thousands digit of 176726?
6
What is the hundreds digit of 15979999?
9
What is the ten thousands digit of 288732?
8
What is the tens digit of 1265135?
3
What is the thousands digit of 206847?
6
What is the tens digit of 130004?
0
What is the units digit of 547905?
5
What is the units digit of 1526113?
3
What is the units digit of 110342?
2
What is the ten thousands digit of 581427?
8
What is the hundred thousands digit of 9260603?
2
What is the tens digit of 138037?
3
What is the ten thousands digit of 496849?
9
What is the tens digit of 1727124?
2
What is the tens digit of 1351380?
8
What is the hundred thousands digit of 833193?
8
What is the thousands digit of 13203071?
3
What is the millions digit of 33816401?
3
What is the hundred thousands digit of 1304011?
3
What is the thousands digit of 1168402?
8
What is the hundreds digit of 4160415?
4
What is the thousands digit of 10924202?
4
What is the units digit of 1368148?
8
What is the thousands digit of 3164083?
4
What is the thousands digit of 255608?
5
What is the hundreds digit of 2286845?
8
What is the millions digit of 20578279?
0
What is the millions digit of 32897918?
2
What is the hundreds digit of 736684?
6
What is the hundred thousands digit of 4043214?
0
What is the ten millions digit of 14251646?
1
What is the ten thousands digit of 83995?
8
What is the millions digit of 7551536?
7
What is the thousands digit of 4975226?
5
What is the thousands digit of 414809?
4
What is the millions digit of 5306497?
5
What is the units digit of 921176?
6
What is the units digit of 215965?
5
What is the hundreds digit of 102222?
2
What is the ten millions digit of 13393234?
1
What is the units digit of 1178410?
0
What is the thousands digit of 1209804?
9
What is the thousands digit of 26639185?
9
What is the ten thousands digit of 522836?
2
What is the thousands digit of 5078080?
8
What is the hundreds digit of 5847?
8
What is the thousands digit of 7669327?
9
What is the ten thousands digit of 381798?
8
What is the hundreds digit of 7776837?
8
What is the tens digit of 282767?
6
What is the hundreds digit of 454562?
5
What is the hundreds digit of 1871574?
5
What is the hundred thousands digit of 1669575?
6
What is the ten thousands digit of 313821?
1
What is the hundreds digit of 239519?
5
What is the ten millions digit of 12721625?
1
What is the hundreds digit of 562537?
5
What is the hundred thousands digit of 275575?
2
What is the ten thousands digit of 383056?
8
What is the thousands digit of 65264?
5
What is the thousands digit of 187123?
7
What is the ten thousands digit of 1786181?
8
What is the ten millions digit of 33567932?
3
What is the ten thousands digit of 8511777?
1
What is the hundreds digit of 380845?
8
What is the thousands digit of 343128?
3
What is the hundred thousands digit of 14139606?
1
What is the tens digit of 161449?
4
What is the hundred thousands digit of 447194?
4
What is the units digit of 306397?
7
What is the thousands digit of 79043?
9
What is the thousands digit of 156597?
6
What is the thousands digit of 6628994?
8
What is the millions digit of 6097963?
6
What is the hundreds digit of 422721?
7
What is the hundred thousands digit of 13331636?
3
What is the thousands digit of 101302?
1
What is the ten thousands digit of 6250560?
5
What is the ten thousands digit of 3006701?
0
What is the ten thousands digit of 2235298?
3
What is the hundreds digit of 37314?
3
What is the units digit of 1538309?
9
What is the thousands digit of 165613?
5
What is the thousands digit of 4635776?
5
What is the units digit of 36297?
7
What is the hundred thousands digit of 358703?
3
What is the units digit of 19696669?
9
What is the millions digit of 1153695?
1
What is the units digit of 19544864?
4
What is the hundred thousands digit of 5888790?
8
What is the thousands digit of 20347?
0
What is the tens digit of 335818?
1
What is the hundred thousands digit of 143489?
1
What is the ten thousands digit of 504629?
0
What is the units digit of 4825613?
3
What is the ten thousands digit of 799799?
9
What is the hundreds digit of 79753?
7
What is the hundreds digit of 700781?
7
What is the ten thousands digit of 306037?
0
What is the tens digit of 204474?
7
What is the ten thousands digit of 1595907?
9
What is the hundred thousands digit of 863018?
8
What is the units digit of 3684939?
9
What is the ten thousands digit of 427219?
2
What is the tens digit of 4000923?
2
What is the ten millions digit of 12741806?
1
What is the millions digit of 2514681?
2
What is the units digit of 466606?
6
What is the hundred thousands digit of 2113151?
1
What is the millions digit of 10449998?
0
What is the units digit of 943399?
9
What is the ten thousands digit of 2877121?
7
What is the hundred thousands digit of 810163?
8
What is the tens digit of 783017?
1
What is the tens digit of 12409012?
1
What is the units digit of 2356149?
9
What is the hundred thousands digit of 12813510?
8
What is the ten thousands digit of 7252009?
5
What is the units digit of 2767048?
8
What is the tens digit of 3670426?
2
What is the hundreds digit of 97612?
6
What is the hundred thousands digit of 670860?
6
What is the hundreds digit of 120642?
6
What is the tens digit of 4626630?
3
What is the tens digit of 17580501?
0
What is the millions digit of 9028974?
9
What is the ten thousands digit of 144498?
4
What is the thousands digit of 402868?
2
What is the hundreds digit of 903491?
4
What is the units digit of 3032639?
9
What is the hundred thousands digit of 16000872?
0
What is the hundreds digit of 6340696?
6
What is the ten thousands digit of 16304268?
0
What is the ten thousands digit of 671521?
7
What is the thousands digit of 31079270?
9
What is the ten thousands digit of 989706?
8
What is the units digit of 259085?
5
What is the hundreds digit of 1058093?
0
What is the ten thousands digit of 246858?
4
What is the ten thousands digit of 57379?
5
What is the tens digit of 1271271?
7
What is the units digit of 8607013?
3
What is the thousands digit of 916743?
6
What is the ten millions digit of 12932998?
1
What is the hundred thousands digit of 4482201?
4
What is the units digit of 297547?
7
What is the thousands digit of 920661?
0
What is the hundred thousands digit of 299764?
2
What is the units digit of 269401?
1
What is the thousands digit of 2023369?
3
What is the thousands digit of 5035370?
5
What is the thousands digit of 8783661?
3
What is the hundreds digit of 183745?
7
What is the hundreds digit of 192578?
5
What is the hundreds digit of 434503?
5
What is the units digit of 369551?
1
What is the hundred thousands digit of 710237?
7
What is the tens digit of 5623362?
6
What is the units digit of 5418509?
9
What is the hundreds digit of 1546968?
9
What is the millions digit of 4118157?
4
What is the hundred thousands digit of 1819365?
8
What is the thousands digit of 174304?
4
What is the hundred thousands digit of 1361572?
3
What is the tens digit of 6381963?
6
What is the units digit of 898209?
9
What is the ten thousands digit of 795491?
9
What is the units digit of 240689?
9
What is the hundred thousands digit of 356092?
3
What is the thousands digit of 7809?
7
What is the millions digit of 6712438?
6
What is the thousands digit of 11310?
1
What is the hundreds digit of 4672349?
3
What is the hundreds digit of 23554099?
0
What is the tens digit of 148155?
5
What is the ten thousands digit of 564580?
6
What is the tens digit of 3126393?
9
What is the millions digit of 21257237?
1
What is the tens digit of 302524?
2
What is the tens digit of 154695?
9
What is the ten thousands digit of 2347596?
4
What is the thousands digit of 1239899?
9
What is the thousands digit of 779405?
9
What is the units digit of 42655?
5
What is the units digit of 127788?
8
What is t